 + v - 28. Suppose v*i + 2*x - 28 = 0, 10 = -x - 4*x. What is the remainder when i is divided by 5?
3
What is the remainder when 35 is divided by -10 + 126/9 - -30?
1
Let m be 10/(-35) - (-260)/28. Suppose m*w - 11*w + 44 = 0. Calculate the remainder when 85 is divided by w.
19
Suppose 0*s + 4*s - 20 = 0. Suppose -88 = -4*g - 3*u, 3*g - s*u - 1 - 36 = 0. What is the remainder when 94 is divided by g?
18
Let q = 996 + -981. Calculate the remainder when 342 is divided by q.
12
Calculate the remainder when (-4 + 3)/(6/(-18)) - -66 is divided by 18.
15
Suppose f - 141 = -3*n - 2*f, -2*n + 3*f = -104. Calculate the remainder when n is divided by 17.
15
What is the remainder when 179 is divided by (-2*(-21)/(-12))/(4/(-104))?
88
Let j(d) = d**2. Let m(t) = -7*t**2 - 6*t - 1. Let w(h) = 6*j(h) + m(h). Suppose -g - 4 - 1 = 0. Calculate the remainder when 13 is divided by w(g).
1
Let c = -28 + 76. What is the remainder when c is divided by (-29)/(-116)*(13 - -91)?
22
Suppose -4*n = -5*n + 19. What is the remainder when n is divided by (-3)/((-9)/(-3))*-10?
9
Suppose 3*l = -3*w + 18, -4*w - 14 = -6*w - 3*l. Suppose w*s = 54 + 38. Calculate the remainder when s is divided by 8.
7
Let b = -166 - -178. Calculate the remainder when 20 is divided by b.
8
Let q(g) = -7*g + 47. Let s be q(9). What is the remainder when 87/(-58)*(s - 0/(-1)) is divided by 9?
6
Let b(f) = -f + 28. What is the remainder when 61 is divided by b(9)?
4
Let z = 33 + -30. Suppose z*x = -x + 5*n + 44, -55 = -5*x - 4*n. What is the remainder when 43 is divided by x?
10
Let l(i) = 7*i**2 - 18*i - 23. Calculate the remainder when l(9) is divided by 16.
14
Suppose -8 = -26*p + 24*p. Calculate the remainder when 105 is divided by p.
1
Let y(l) = 39*l**3 + 7*l**2 - 5*l - 6. Calculate the remainder when y(2) is divided by 41.
37
Suppose -r + 4*v - 33 = 0, -2*r - 45 = 4*v + 45. Let b = r + 68. What is the remainder when b is divided by 6?
3
Let x = 59 + -36. Suppose 3*u = 0, 4*u = 3*q - 0*q - 30. What is the remainder when x is divided by q?
3
Let z(k) be the second derivative of -7/2*k**2 - 3/2*k**3 - 7*k + 0 + 1/6*k**4. What is the remainder when z(8) is divided by 17?
15
Let q(x) = x**3 + 15*x**2 + 106. What is the remainder when q(-14) is divided by 38?
36
Let w be (-8)/(-6)*(-21)/(-14). Suppose 15 = 3*g + w*g. Suppose 17 + 10 = g*c. What is the remainder when c is divided by 5?
4
Let s(y) = 22*y**2 + 2*y. Let h be s(-2). Suppose 5*u - 3*w = u + h, 4*w = 5*u - 106. Calculate the remainder when 53 is divided by u.
17
Suppose 0 = -0*n - n + 4. Let p be -7 + 5 + (-1 - -7). Let k = n + p. Calculate the remainder when 19 is divided by k.
3
Suppose 20*t = 21*t - 12. Calculate the remainder when t is divided by -6*(-6)/9*1.
0
Let v(x) = x**2 + 22*x + 30. Let r be v(-21). Suppose 2*l = -m + 13, -r = -m - 0*l - l. What is the remainder when m is divided by 4?
1
Suppose 66 - 84 = -w. Suppose -32 = -5*l + w. What is the remainder when 17 is divided by l?
7
Suppose 17 = 2*g - g. Suppose -7*f + 2*v = -8*f + 40, -5*v + 116 = 3*f. Calculate the remainder when f is divided by g.
15
Let z(a) = -a**2 + 10*a - 19. Let t = -73 + 80. What is the remainder when 7 is divided by z(t)?
1
Suppose -18*d = -154 - 296. What is the remainder when 923 is divided by d?
23
Suppose 12*m - 3308 = -716. What is the remainder when m is divided by 31?
30
Let r(n) = -n**3 - 28*n**2 - 85*n + 20. Calculate the remainder when r(-25) is divided by 55.
50
Let z(w) = 1 + 17 + 4 - 22*w + w**2. What is the remainder when z(24) is divided by 18?
16
Suppose k - 23 + 6 = 5*l, 3*k = -3*l - 39. Calculate the remainder when 111 is divided by (k/(-12))/(-2)*-57.
16
Let z(c) = 10*c + 3. Let j be z(-5). Let y = 79 + j. Suppose y = 4*q - 8. Calculate the remainder when 48 is divided by q.
8
Suppose 16*v - 63 = 9*v. Suppose -v*b + 3*b = -372. What is the remainder when b is divided by 17?
11
Suppose 0 = -3*x - 2*m + 68, x - 41 = 2*m - 13. What is the remainder when ((-12)/20)/(-2 + (-1167)/(-585)) is divided by x?
21
Suppose 19*z - 614 = 17*z. Suppose 2*t - z = -0*v + 5*v, 5*t = 3*v + 796. Calculate the remainder when t is divided by 41.
38
Suppose 443 = 2*g - 579. Suppose -8*n = -15*n + g. What is the remainder when n is divided by 20?
13
Let x = 263 - 51. Let n = x - 92. What is the remainder when n is divided by 41?
38
Let o be (-1)/2 + 116/8. Let f = o + -25. Let x = 13 + f. What is the remainder when x is divided by 2?
0
Let j(k) = -k**2 + 10*k + 2. Calculate the remainder when 852/36*2*(-9)/(-6) is divided by j(8).
17
Let d be -120*(1 + (-21)/15). Suppose 22*g = 18*g + d. Calculate the remainder when g is divided by 7.
5
Let b(u) be the second derivative of u**4/6 - u**3/6 + 2*u**2 + 16*u. Calculate the remainder when b(0) is divided by 4.
0
Suppose -4*t = -3*k - 8, t + t = -k + 14. Let u(a) = a**2 + 2*a - 43. What is the remainder when (5 - -1)/(3/k) is divided by u(-8)?
3
Let b = 36 - 24. What is the remainder when ((-44)/(-3))/(12/18) is divided by b?
10
Let w = -264 + 282. Calculate the remainder when 627 is divided by w.
15
Let p = -627 + 668. What is the remainder when 163 is divided by p?
40
Suppose 4*i = 8, 0 = 2*t + t + i - 44. Suppose 0 = -47*l + 44*l - 3. Let b(p) = 26*p**2 + 4*p + 4. Calculate the remainder when b(l) is divided by t.
12
Suppose -14*w - 68 = -4*c - 11*w, -5*c = -5*w - 90. Calculate the remainder when 192 is divided by c.
10
Let c = -18 - -22. Let y = 31 - c. Calculate the remainder when 53 is divided by y.
26
Calculate the remainder when 15 - -2 - (-1 + 1) is divided by (0 + 1)/(32/288).
8
Let l = 2000 + -1994. Calculate the remainder when 441 is divided by l.
3
Let i(g) = g**3 - 9*g**2 - 44*g - 1. What is the remainder when i(13) is divided by 26?
25
Let d = 22 - 16. Let i(x) = x**3 - 3*x**2 - 8*x - 3. Let a be i(d). Suppose 5 = -4*p + a. What is the remainder when p is divided by 7?
6
What is the remainder when (4 + 11 + 4695)*4/10 is divided by 41?
39
Suppose -36*w = -10*w - 910. Calculate the remainder when 174 is divided by w.
34
Calculate the remainder when 158 is divided by (16/3)/(((-64)/60)/(-8)).
38
Suppose -134 = -4*x + 47*s - 49*s, -169 = -5*x - 4*s. What is the remainder when ((-190)/(-4)*-2)/(-1) is divided by x?
29
Suppose 28*m = 1857 + 47. What is the remainder when 336 is divided by m?
64
Let b = -440 + 468. Suppose -2*g + g = 3*k - 11, 0 = -4*g - 16. What is the remainder when b is divided by k?
3
Suppose 0 = 3*n - 21 - 213. Suppose 0 = -8*l + 2*l + n. What is the remainder when 25 is divided by l?
12
Let x be (-124)/10 + (-6)/(-15). Let u = x - -14. Suppose -r + 2*r = 4*f - 34, f - u*r = 12. Calculate the remainder when 37 is divided by f.
5
Let h(l) = -2*l + 8. Let c be h(16). Let r = c - -34. What is the remainder when 37 is divided by r?
7
Suppose -2*m = -28 + 10. Suppose -1119 + 1503 = 12*q. Calculate the remainder when q is divided by m.
5
Let u(h) = 336*h**2 + 5*h - 4. Calculate the remainder when u(1) is divided by 10.
7
Let m(y) = y**2 + 13*y - 66. Calculate the remainder when m(-21) is divided by 1/2 + (-69)/(-2).
32
What is the remainder when 51 is divided by 846/54 + 1/3?
3
Let t(b) = 6*b + 124. What is the remainder when t(-13) is divided by 16?
14
Let x(o) = o**3 + 12*o**2 + 2*o - 10. Let v = 13 + -5. Suppose 3*q - 6*c + c + 38 = 0, q = -3*c - v. What is the remainder when x(q) is divided by 23?
20
Let r(q) = -q**3 - 19*q**2 + 19*q + 2. Calculate the remainder when 37 is divided by r(-20).
15
Let r = -323 - -387. Suppose -5*k + s = -62, 0 = 2*k + k + 5*s - 54. What is the remainder when r is divided by k?
12
Suppose i - 44 = 5*n, -n = -i + 563 - 531. Let y(g) = -116*g**3 - 2*g**2 + 1. Let x be y(-1). What is the remainder when x - 0 - (2 - 0) is divided by i?
26
Let s = 437 - 403. What is the remainder when 109 is divided by s?
7
What is the remainder when 54 is divided by 4/11 - 1792/(-154)?
6
Let c(m) = m - 3. Let y(u) = 2*u**2 + 20*u + 10. Let p be y(-15). Let s = p + -152. Calculate the remainder when s is divided by c(5).
0
Let i(d) = 9*d - 224. What is the remainder when 218 is divided by i(26)?
8
Suppose 3*s - 4*h - 161 = 0, -s + 5*h + 52 = -20. Suppose -q + 8 = -4. Calculate the remainder when s is divided by q.
11
Suppose 77*l + 857 = 83*l - 5*v, l - 147 = 5*v. Let z(